at are the prime factors of m?
2, 3, 13
Let q = -943 - -1570. What are the prime factors of q?
3, 11, 19
Let s = 57 + -42. Suppose -2*d - d + s = 0, 0 = -4*w - d + 1021. What are the prime factors of w?
2, 127
Let f = -185 + 96. Let m = 18 - f. Let u = 159 - m. What are the prime factors of u?
2, 13
What are the prime factors of (-7 + 3 + 3)/(2/(-974))?
487
Suppose -5*z + 22 = j - 2*j, -4*j + z = -7. Suppose 0*w - j*w = 0. Suppose 15 = 6*n - 2*n - d, w = -2*n - 2*d. What are the prime factors of n?
3
Let t be 1/(-2) - 31/2. Let b be 32*(-1 - (-5)/2). Let o = t + b. List the prime factors of o.
2
Let m be 0*(1 - -3)/8. Suppose m = -12*k + 7*k - 20. Let c = k - -16. List the prime factors of c.
2, 3
Suppose 0*r = 2*r + 2*c + 24, -3*r - 2*c - 34 = 0. Let y = r - -15. Suppose b - d + y*d - 63 = 0, -4*d - 125 = -3*b. What are the prime factors of b?
47
Let t = 3013 + -2478. What are the prime factors of t?
5, 107
Let i(m) = m**3 - m - 2. Let z be i(2). Let o be (-2)/1*z/8. Let b = o + 12. What are the prime factors of b?
11
Let x(t) = -2*t**3 + 6*t**2 - 14*t - 20. List the prime factors of x(-6).
2, 89
Suppose 0 = 4*w - 275 - 185. Suppose 0 = 3*r - 254 - w. What are the prime factors of r?
3, 41
Let z(q) = -q - 2. Let s be z(-2). Suppose s = -22*g + 25*g - 9. Suppose -r + p + 62 = 0, 2*p + 298 = g*r + 2*r. What are the prime factors of r?
2, 29
Let y = -35 + 41. Suppose 0*w = y*w - 198. What are the prime factors of w?
3, 11
Let d = 5 - -7. List the prime factors of ((-16)/d)/((-6)/387).
2, 43
Suppose 278 + 150 = 4*i. What are the prime factors of i?
107
Let z(k) = 10*k**2 - 13*k - 415. List the prime factors of z(-13).
2, 19
Let i be (-52)/(-5) - (2 + 16/(-10)). Suppose -471 = -i*d + 7*d. List the prime factors of d.
157
Let u = 441 + -256. What are the prime factors of u?
5, 37
Suppose 3*z - 2*v = 175, z - 2*v - 59 = -v. List the prime factors of (0 + -1 + -2 - -1) + z.
5, 11
Suppose 0*r = -3*r. Suppose r = -4*f - 8 + 64. List the prime factors of f.
2, 7
Let q(g) = 13*g - 2. Suppose 2*z + w - 8 = 0, -3*z + 4*z - 2*w = 14. What are the prime factors of q(z)?
2, 19
Let r(b) = 15*b**2 - 9*b - 22. What are the prime factors of r(11)?
2, 7, 11
Let c = -14 - -7. Let i = c - -11. Let b = 23 - i. List the prime factors of b.
19
Let t(u) = -57*u - 6. List the prime factors of t(-13).
3, 5, 7
Let o(b) = 345*b**2 - 13*b - 13. List the prime factors of o(3).
43, 71
Let x be (-1)/(3/((-9)/(-3))). List the prime factors of (-3 + 6 + x)/((-7)/(-266)).
2, 19
Let g(v) = 12*v**2 - 2*v - 2. Let s be g(-1). What are the prime factors of s/(-54) - 2166/(-27)?
2, 5
Let r(s) = -4*s**3 + 8*s**2 + 7*s + 3. Let x = -7 - -10. Let w(i) = 3*i**3 - 7*i**2 - 6*i - 2. Let u(m) = x*w(m) + 2*r(m). What are the prime factors of u(6)?
2, 3
Let b = -28 + 32. Suppose b*k = 299 + 381. Suppose 0*l + 3*o - 47 = -l, -2*o = 5*l - k. List the prime factors of l.
2
Suppose 9*x + 9*x = 15804. What are the prime factors of x?
2, 439
Suppose 5*s - 10*s + 2000 = 3*t, 3*s = 3. What are the prime factors of t?
5, 7, 19
Suppose 17 = c + 13. Suppose -g = -0*g - 5, 455 = 5*l - c*g. List the prime factors of l.
5, 19
Let x(o) = -5 + 5 - o**3 - 4*o - 5*o**2. Let a be x(-4). Suppose a*p + p = 32. What are the prime factors of p?
2
Let s(o) = 6*o**2 - 1. Let j(b) = -b**3 + 5*b**2 + 8*b + 3. Let p be j(6). Suppose 3*w + 6*h - p = 4*h, -18 = -w - 5*h. What are the prime factors of s(w)?
53
Suppose 0 = -3*b + 2*b - 45. Let y = -26 - b. List the prime factors of y + 0*(-1)/3.
19
What are the prime factors of (73 - 1/3*3) + -1?
71
Suppose 0 = -4*c - 6*c + 4260. Suppose -11*n = -8*n - c. What are the prime factors of n?
2, 71
Let n = 2724 - 1261. List the prime factors of n.
7, 11, 19
Suppose 2*c + 9 + 81 = 0. Let d = 23 - c. What are the prime factors of d?
2, 17
Let p = 4 + -9. Let h(a) = a**3 - 8*a**2 + 3*a + 6. Let u(y) = -y**3 + 2*y**2 - y - 1. Let b(k) = h(k) + 2*u(k). List the prime factors of b(p).
2, 3
Suppose -12*p = -31*p + 76. Let d(u) = 7*u**2 - 23*u - 2. List the prime factors of d(p).
2, 3
Let g = -61 + 19. Let o = 130 + g. What are the prime factors of o?
2, 11
Suppose -10168 = 5*d - 2*v, -d = v + 1084 + 944. Let m be d/(-60) - 2/(-15). Suppose -3*c = -m - 26. List the prime factors of c.
2, 5
Let s be (588/(-35))/(1/(-25)). Let t be (s/10)/(3/(-2)). Let c = t - -52. What are the prime factors of c?
2, 3
Suppose -7*h - 8 = -3*h. Let b be (h - -1)/(2/(-8)). Suppose 63 + 13 = b*d. What are the prime factors of d?
19
Let u(p) = 4*p**2 - 8*p + 49. What are the prime factors of u(9)?
7, 43
What are the prime factors of (18354/(-28))/(2/(-4))?
3, 19, 23
Suppose 2*z + 3*c = 6*c + 2161, 0 = 4*z - 3*c - 4319. List the prime factors of z.
13, 83
Let j(r) = -502*r - 42. Let u be j(9). List the prime factors of (u/5)/(-4) - -3.
3, 7, 11
Suppose 0 = -4*m - c + 3335, -5*c = -2*m + 1279 + 416. What are the prime factors of m?
5, 167
Let q = 258 - 182. Suppose 80*w = q*w + 856. What are the prime factors of w?
2, 107
Suppose -2*t + 17 = -11. Suppose 2*v + 44 + t = 0. Let d = v - -50. What are the prime factors of d?
3, 7
Suppose 0 = -4*p - 3*m + 28, -p + 2*m = 4. Suppose 5*f - 21 = f + 3*v, 4*v = p*f - 20. List the prime factors of f.
2, 3
Let v(f) = f - 6. Let z be v(2). Let x(d) = -d**2 - 10*d - 5. Let k be x(z). Suppose 4*u - k = 77. What are the prime factors of u?
2, 3
Let j = 54 + 1. Suppose j = -y + 214. List the prime factors of y.
3, 53
Let u(b) = 10*b**3 + 7*b**2 - 10*b - 9. List the prime factors of u(4).
19, 37
Let w be (0/1)/(-3) - -3. Suppose 0*b = -2*r + b + 237, 0 = 3*r + w*b - 342. Suppose -5*m + 181 = 3*v, -2 + r = 3*m + 5*v. List the prime factors of m.
5, 7
Let u be ((-69)/6)/((-7)/(-3094)). What are the prime factors of 1 - (u/26 - 6/(-4))?
3, 5, 13
Let q(h) = -h**2 + 3*h + 15. Let b be q(7). Let z = -7 - b. Let p(u) = -u + 10. List the prime factors of p(z).
2
Suppose -22680 = -251*a + 242*a. What are the prime factors of a?
2, 3, 5, 7
Let l = 24 + -19. Suppose 4*p = 4*x - x + 295, -l*p + x + 355 = 0. What are the prime factors of p?
2, 5, 7
Let j(r) = 19*r**2 - 138*r - 8. What are the prime factors of j(-7)?
1889
Let r(i) be the first derivative of -7*i**2/2 - 4*i - 4. Let q(n) = -8*n - 4. Let l(c) = -5*q(c) + 6*r(c). List the prime factors of l(-8).
2, 3
Suppose -5*h + 2*q + 22 = 0, -3*h - 2 = -6*q + q. Suppose d - 26 = h. Let k = d - 9. What are the prime factors of k?
23
What are the prime factors of 6/(-27) - (-5663)/9?
17, 37
Let i = 134 - -2484. What are the prime factors of i?
2, 7, 11, 17
Let n(v) = 210*v + 3. List the prime factors of n(1).
3, 71
Suppose -5*c = -2*r + 1020, -16*r + 1020 = -14*r - c. List the prime factors of r.
2, 3, 5, 17
Suppose -11*k - 23001 = -62*k. List the prime factors of k.
11, 41
Let m(u) be the second derivative of u**4/12 - 2*u**3/3 + 9*u**2 - 15*u. List the prime factors of m(9).
3, 7
Suppose -4*h - 11 = 2*m - 77, -4*m + 112 = -2*h. Let t(r) = -6*r**2 + 3. Let o be t(2). What are the prime factors of m*1 - o/(-7)?
2, 13
Let s(b) = 2*b**3 + b**2 - b. Let z be s(1). Suppose 2*l = 8 + z. Suppose 3*k = 3*f - 0*k - 12, -4*f - l*k = 2. List the prime factors of f.
2
Suppose -17*s - 11288 = -21*s - 4*h, 0 = -3*h + 3. What are the prime factors of s?
7, 13, 31
Let t(d) = d**3 - 5*d**2 + 4*d - 8. Let w be t(4). Let p be 1/(1/w*1). Let f = p - -54. What are the prime factors of f?
2, 23
Suppose 3*l = u - 16, -5*l - 4*u = -u + 36. List the prime factors of (-120)/l*(-48)/(-15).
2
Suppose l + 5*m = -5 - 28, 5*l + 2*m + 96 = 0. Let h = 24 - l. List the prime factors of h.
2, 3, 7
Suppose -2*k - 22035 = -5*c + 2524, k - 24568 = -5*c. List the prime factors of c.
17
Suppose 4*x + 167*u - 163*u = 8936, x + 4*u - 2243 = 0. What are the prime factors of x?
23, 97
List the prime factors of (-31)/(372/72) + 3898.
2, 7, 139
Let a(i) = i**3 + 5*i**2 - 13. Let h be a(-4). Suppose -k + h = 0, -77 = -w + k + 2. What are the prime factors of w?
2, 41
Suppose -80480 = -121*z + 81*z. List the prime factors of z.
2, 503
Let y(v) be the first derivative of v**4/6 + v**3 + 5*v**2/2 + 2*v + 3. Let p(d) be the first derivative of y(d). List the prime factors of p(-4).
13
Let b(g) = -12*g**2 + g - 1. Let k be b(1). List the prime factors of (-616)/(-12) + k/9.
2, 5
What are th